{"id":66,"date":"2024-05-13T18:52:36","date_gmt":"2024-05-13T16:52:36","guid":{"rendered":"http:\/\/chorfamilie-dernbach.de\/?page_id=66"},"modified":"2026-02-15T17:07:27","modified_gmt":"2026-02-15T16:07:27","slug":"vergangene-termine","status":"publish","type":"page","link":"http:\/\/chorfamilie-dernbach.de\/?page_id=66","title":{"rendered":"Vergangene Termine"},"content":{"rendered":"\n<p><strong><mark style=\"background-color:rgba(0, 0, 0, 0)\" class=\"has-inline-color has-blue-color\">Um unsere aktuellen Termine zu sehen, gehen Sie einfach direkt auf den Reiter &#8222;<a href=\"https:\/\/chorfamilie-dernbach.de\/?page_id=45\" data-type=\"link\" data-id=\"https:\/\/chorfamilie-dernbach.de\/?page_id=45\">Termine<\/a>&#8222;<\/mark><\/strong><\/p>\n\n\n\n<p class=\"has-medium-font-size\"><strong>R\u00fcckblick vom Jahr 2026<\/strong><\/p>\n\n\n\n<p><strong>24. Januar 2026<\/strong> &#8211; Singen f\u00fcr unseren Sangesbruder Pater Elmar Busse in Sch\u00f6nstatt, Vallendar<\/p>\n\n\n\n<p class=\"has-medium-font-size\"><strong>R\u00fcckblick vom Jahr 2025<\/strong><\/p>\n\n\n\n<p>Alle Berichte zu den vergangenen Aktionen finden Sie bei uns auf Instagram oder auf der Startseite unserer Homepage.<\/p>\n\n\n\n<p><strong>11. M\u00e4rz 2025<\/strong> &#8211; Jahreshauptversammlung mit Neuwahlen<\/p>\n\n\n\n<p><strong>12. April 2025<\/strong> &#8211; Aktion saubere Landschaft &#8211; einige Mitglieder unterst\u00fctzen die Gemeinde Dernbach bei dieser Aktion<\/p>\n\n\n\n<p><strong>18. Mai 2025<\/strong> &#8211; Boule am Seniorenzentrum. Zwar nicht erfolgreich, daf\u00fcr aber mit viel Spa\u00df war die Chorfamilie Beethoven mit gleich drei Mannschaften vertreten.<\/p>\n\n\n\n<p><strong>27. Juni 2025 <\/strong>&#8211; Auftritt bei unserem befreundeten Chor in Eitelborn<\/p>\n\n\n\n<p><strong>28. Juni 2025<\/strong> &#8211; Unser eigenes Konzert &#8222;Unter den Linden&#8220;, unter freiem Himmel bei strahlendem Wetter<\/p>\n\n\n\n<p><strong>29. Juni 2025<\/strong> &#8211; Ausschank beim B\u00fcrgerfr\u00fchst\u00fcck der Gemeinde Dernbach<\/p>\n\n\n\n<p><strong>10. August 2025 <\/strong>&#8211; Kirmesfr\u00fchschoppen mit Begleitung durch den Chor und dem Musikverein<\/p>\n\n\n\n<p><strong>30. August 2025<\/strong> &#8211; Teilnahme von sechs Mitgliedern der Chorfamilie beim Tenns-Dorfturnier<\/p>\n\n\n\n<p><strong>27. September 2025<\/strong> &#8211; ChorRYWURSTFEST, unser j\u00e4hrliches Fest f\u00fcr das leibliche Wohl ohne Auftritt<\/p>\n\n\n\n<p><strong>05. Oktober 2025 <\/strong>&#8211; Auftritt beim Seniorennachmittag der Gemeinde Dernbach<\/p>\n\n\n\n<p><strong>16. November 2025<\/strong> &#8211; Auftritt am Denkmal beim Volkstrauertag<\/p>\n\n\n\n<p><strong>22. November 2025<\/strong> &#8211; Verkauf von Kr\u00f6bbelchen beim Dernbacher Adventszauber<\/p>\n\n\n\n<p><strong>29. November 2025<\/strong> &#8211; Intensivprobe f\u00fcr das Adventskonzert, dazu dann kleine Auftritte im Hospiz Dernbach und im Altenheim. Anschlie\u00dfend Weihnachtsfeier<\/p>\n\n\n\n<p><strong>14. Dezember 2025<\/strong> &#8211; Adventskonzert in der Klosterkirche<\/p>\n\n\n\n<p><\/p>\n\n\n\n<p class=\"has-medium-font-size\" style=\"font-style:normal;font-weight:700\">R\u00fcckblick vom Jahr 2024<\/p>\n\n\n\n<p><strong>16. Januar 2024<\/strong> &#8211; Wir starten in das Jahr 2024 mit einer Chorleitung. Fabian Gl\u00fcck wird den gemischten Chor Chorazon zuk\u00fcnftig leiten.<\/p>\n\n\n\n<p><strong>13. April 2024<\/strong> &#8211; Einige engagierte Chormitglieder haben die Gemeinde gemeinsam mit anderen Vereinen und B\u00fcrgern unterst\u00fctzt und die Dernbach vom M\u00fcll befreit.<\/p>\n\n\n\n<p><strong>20. April 2024<\/strong> &#8211; Auftritt in Eschelbach. Beim traditionellen Fr\u00fchjahrskonzert in Eschelbach (veranstaltet vom MGV Harmonie-Liederkranz Eschelbach e.V.) hatte auch Chorazon einige Lieder vorgetragen.<\/p>\n\n\n\n<p><strong>22. Juni 2024<\/strong> &#8211; 130 Jahre Jubil\u00e4umskonzert. Lange vorbereitet und endlich durchgef\u00fchrt: das gro\u00dfe Konzert und Feier der Chorfamilie Beethoven mit befreundeten Ch\u00f6ren. Es war nicht nur ein sehr erfolgreicher Auftritt, sondern auch eine sch\u00f6ne Feier zum Jubil\u00e4um.<\/p>\n\n\n\n<p><strong>11. August 2024 <\/strong>&#8211; Kirmessingen bei Luda<\/p>\n\n\n\n<p><strong>28. September 2024 <\/strong>&#8211; 1. Currywurstfest Dernbach ausgerichtet vom Chor mit selbstgemachten So\u00dfen<\/p>\n\n\n\n<p><strong>17. November 2024<\/strong> &#8211; Singen am Volkstrauertag <\/p>\n\n\n\n<p><strong>15. Dezember 2024<\/strong> &#8211; Traditionelles Adventskonzert in der Klosterkirche von Dernbach zur Einstimmung in die Weihnachtszeit<\/p>\n\n\n\n<p class=\"has-medium-font-size\" style=\"font-style:normal;font-weight:700\">R\u00fcckblick vom Jahr 2023<\/p>\n\n\n\n<p><strong>26. Juni 2023<\/strong> &#8211; Erstes Treffen M\u00e4nnerprojektchor<\/p>\n\n\n\n<p><strong>8. Juli 2023 <\/strong>&#8211; Musik unter den Linden<\/p>\n\n\n\n<p><strong>11. August 2023<\/strong> &#8211; Kirmessingen bei Luda<\/p>\n\n\n\n<p><strong>14. Oktober 2023<\/strong> &#8211; Singen auf dem Bauernmarkt<\/p>\n\n\n\n<p><strong>3-5. November 2023<\/strong> &#8211; Intensivprobe, in Daun mit Chor-Coaching<\/p>\n\n\n\n<p><strong>20. November 2023<\/strong> &#8211; Volkstrauertag, Singen am Ehrendenkmal<\/p>\n\n\n\n<p><strong>9. Dezember 2023 <\/strong>&#8211; Singen&nbsp; bei den Dernbacher-Schwestern, im Seniorenheim, im Hospiz.<br>Abends Weihnachtfeier des Chores in der Grillh\u00fctte<\/p>\n\n\n\n<p><strong>17. Dezember 202<\/strong>3 &#8211; Adventskonzert mit dem Akkordeonorchester Da Capo in der Klosterkirche<\/p>\n\n\n\n<p><\/p>\n","protected":false},"excerpt":{"rendered":"<p>Um unsere aktuellen Termine zu sehen, gehen Sie einfach direkt auf den Reiter &#8222;Termine&#8222; R\u00fcckblick vom Jahr 2026 24. Januar 2026 &#8211; Singen f\u00fcr unseren Sangesbruder Pater Elmar Busse in Sch\u00f6nstatt, Vallendar R\u00fcckblick vom Jahr 2025 Alle Berichte zu den vergangenen Aktionen finden Sie bei uns auf Instagram oder auf der Startseite unserer Homepage. 11. [&hellip;]<\/p>\n","protected":false},"author":1,"featured_media":0,"parent":45,"menu_order":0,"comment_status":"closed","ping_status":"closed","template":"","meta":{"footnotes":""},"class_list":["post-66","page","type-page","status-publish","hentry"],"_links":{"self":[{"href":"http:\/\/chorfamilie-dernbach.de\/index.php?rest_route=\/wp\/v2\/pages\/66","targetHints":{"allow":["GET"]}}],"collection":[{"href":"http:\/\/chorfamilie-dernbach.de\/index.php?rest_route=\/wp\/v2\/pages"}],"about":[{"href":"http:\/\/chorfamilie-dernbach.de\/index.php?rest_route=\/wp\/v2\/types\/page"}],"author":[{"embeddable":true,"href":"http:\/\/chorfamilie-dernbach.de\/index.php?rest_route=\/wp\/v2\/users\/1"}],"replies":[{"embeddable":true,"href":"http:\/\/chorfamilie-dernbach.de\/index.php?rest_route=%2Fwp%2Fv2%2Fcomments&post=66"}],"version-history":[{"count":6,"href":"http:\/\/chorfamilie-dernbach.de\/index.php?rest_route=\/wp\/v2\/pages\/66\/revisions"}],"predecessor-version":[{"id":241,"href":"http:\/\/chorfamilie-dernbach.de\/index.php?rest_route=\/wp\/v2\/pages\/66\/revisions\/241"}],"up":[{"embeddable":true,"href":"http:\/\/chorfamilie-dernbach.de\/index.php?rest_route=\/wp\/v2\/pages\/45"}],"wp:attachment":[{"href":"http:\/\/chorfamilie-dernbach.de\/index.php?rest_route=%2Fwp%2Fv2%2Fmedia&parent=66"}],"curies":[{"name":"wp","href":"https:\/\/api.w.org\/{rel}","templated":true}]}}

<p><strong><mark style="background-color:rgba(0, 0, 0, 0)" class="has-inline-color has-blue-color">Um unsere aktuellen Termine zu sehen, gehen Sie einfach direkt auf den Reiter &#8222;<a href="https://chorfamilie-dernbach.de/?page_id=45" data-type="link" data-id="https://chorfamilie-dernbach.de/?page_id=45">Termine</a>&#8222;</mark></strong></p>



<p class="has-medium-font-size"><strong>Rückblick vom Jahr 2026</strong></p>



<p><strong>24. Januar 2026</strong> &#8211; Singen für unseren Sangesbruder Pater Elmar Busse in Schönstatt, Vallendar</p>



<p class="has-medium-font-size"><strong>Rückblick vom Jahr 2025</strong></p>



<p>Alle Berichte zu den vergangenen Aktionen finden Sie bei uns auf Instagram oder auf der Startseite unserer Homepage.</p>



<p><strong>11. März 2025</strong> &#8211; Jahreshauptversammlung mit Neuwahlen</p>



<p><strong>12. April 2025</strong> &#8211; Aktion saubere Landschaft &#8211; einige Mitglieder unterstützen die Gemeinde Dernbach bei dieser Aktion</p>



<p><strong>18. Mai 2025</strong> &#8211; Boule am Seniorenzentrum. Zwar nicht erfolgreich, dafür aber mit viel Spaß war die Chorfamilie Beethoven mit gleich drei Mannschaften vertreten.</p>



<p><strong>27. Juni 2025 </strong>&#8211; Auftritt bei unserem befreundeten Chor in Eitelborn</p>



<p><strong>28. Juni 2025</strong> &#8211; Unser eigenes Konzert &#8222;Unter den Linden&#8220;, unter freiem Himmel bei strahlendem Wetter</p>



<p><strong>29. Juni 2025</strong> &#8211; Ausschank beim Bürgerfrühstück der Gemeinde Dernbach</p>



<p><strong>10. August 2025 </strong>&#8211; Kirmesfrühschoppen mit Begleitung durch den Chor und dem Musikverein</p>



<p><strong>30. August 2025</strong> &#8211; Teilnahme von sechs Mitgliedern der Chorfamilie beim Tenns-Dorfturnier</p>



<p><strong>27. September 2025</strong> &#8211; ChorRYWURSTFEST, unser jährliches Fest für das leibliche Wohl ohne Auftritt</p>



<p><strong>05. Oktober 2025 </strong>&#8211; Auftritt beim Seniorennachmittag der Gemeinde Dernbach</p>



<p><strong>16. November 2025</strong> &#8211; Auftritt am Denkmal beim Volkstrauertag</p>



<p><strong>22. November 2025</strong> &#8211; Verkauf von Kröbbelchen beim Dernbacher Adventszauber</p>



<p><strong>29. November 2025</strong> &#8211; Intensivprobe für das Adventskonzert, dazu dann kleine Auftritte im Hospiz Dernbach und im Altenheim. Anschließend Weihnachtsfeier</p>



<p><strong>14. Dezember 2025</strong> &#8211; Adventskonzert in der Klosterkirche</p>



<p></p>



<p class="has-medium-font-size" style="font-style:normal;font-weight:700">Rückblick vom Jahr 2024</p>



<p><strong>16. Januar 2024</strong> &#8211; Wir starten in das Jahr 2024 mit einer Chorleitung. Fabian Glück wird den gemischten Chor Chorazon zukünftig leiten.</p>



<p><strong>13. April 2024</strong> &#8211; Einige engagierte Chormitglieder haben die Gemeinde gemeinsam mit anderen Vereinen und Bürgern unterstützt und die Dernbach vom Müll befreit.</p>



<p><strong>20. April 2024</strong> &#8211; Auftritt in Eschelbach. Beim traditionellen Frühjahrskonzert in Eschelbach (veranstaltet vom MGV Harmonie-Liederkranz Eschelbach e.V.) hatte auch Chorazon einige Lieder vorgetragen.</p>



<p><strong>22. Juni 2024</strong> &#8211; 130 Jahre Jubiläumskonzert. Lange vorbereitet und endlich durchgeführt: das große Konzert und Feier der Chorfamilie Beethoven mit befreundeten Chören. Es war nicht nur ein sehr erfolgreicher Auftritt, sondern auch eine schöne Feier zum Jubiläum.</p>



<p><strong>11. August 2024 </strong>&#8211; Kirmessingen bei Luda</p>



<p><strong>28. September 2024 </strong>&#8211; 1. Currywurstfest Dernbach ausgerichtet vom Chor mit selbstgemachten Soßen</p>



<p><strong>17. November 2024</strong> &#8211; Singen am Volkstrauertag </p>



<p><strong>15. Dezember 2024</strong> &#8211; Traditionelles Adventskonzert in der Klosterkirche von Dernbach zur Einstimmung in die Weihnachtszeit</p>



<p class="has-medium-font-size" style="font-style:normal;font-weight:700">Rückblick vom Jahr 2023</p>



<p><strong>26. Juni 2023</strong> &#8211; Erstes Treffen Männerprojektchor</p>



<p><strong>8. Juli 2023 </strong>&#8211; Musik unter den Linden</p>



<p><strong>11. August 2023</strong> &#8211; Kirmessingen bei Luda</p>



<p><strong>14. Oktober 2023</strong> &#8211; Singen auf dem Bauernmarkt</p>



<p><strong>3-5. November 2023</strong> &#8211; Intensivprobe, in Daun mit Chor-Coaching</p>



<p><strong>20. November 2023</strong> &#8211; Volkstrauertag, Singen am Ehrendenkmal</p>



<p><strong>9. Dezember 2023 </strong>&#8211; Singen&nbsp; bei den Dernbacher-Schwestern, im Seniorenheim, im Hospiz.<br>Abends Weihnachtfeier des Chores in der Grillhütte</p>



<p><strong>17. Dezember 202</strong>3 &#8211; Adventskonzert mit dem Akkordeonorchester Da Capo in der Klosterkirche</p>



<p></p>

<p>Um unsere aktuellen Termine zu sehen, gehen Sie einfach direkt auf den Reiter &#8222;Termine&#8222; Rückblick vom Jahr 2026 24. Januar 2026 &#8211; Singen für unseren Sangesbruder Pater Elmar Busse in Schönstatt, Vallendar Rückblick vom Jahr 2025 Alle Berichte zu den vergangenen Aktionen finden Sie bei uns auf Instagram oder auf der Startseite unserer Homepage. 11. [&hellip;]</p>
